*s + 5*t, 3*t - 11 = -s + 29. What is the tens digit of s?
4
Let m = 13 + 49. What is the units digit of m?
2
Let c = -96 + 138. What is the units digit of c?
2
Suppose -k = -2 - 3. Suppose -3*w - 2*w + 10 = 0, -2*s + w = -6. Let n = k - s. What is the units digit of n?
1
Suppose -3*v = 3*a + 21, 5*v - 2*v + 19 = -a. Let i = 11 + v. Suppose -i*u + 4*f + 13 + 4 = 0, -14 = -2*u - 2*f. What is the units digit of u?
5
What is the tens digit of (2 + 12/(-8))*24?
1
Let l be 1*2/(-2)*-1. Let j = -1 - l. What is the units digit of (-2)/3*(j - 4)?
4
Let n(w) = -46 - 4*w + 33 - 2*w. What is the units digit of n(-9)?
1
Let q(t) = t**2 + 5*t - 2. What is the units digit of q(2)?
2
Suppose -5*g + 5 = -5*w, -2*g = -4*g - 4. Let s be ((-4)/w)/(12/(-90)). Let y = s - -26. What is the tens digit of y?
1
Suppose 2*z = 3*z - 4. Let w = -1 + z. Suppose 2*c + w*c = 45. What is the units digit of c?
9
Suppose -2*q + 5*q - 2*s - 66 = 0, 4*s + 110 = 5*q. What is the tens digit of q?
2
Let w(g) = -g**2 - 30*g + 64. What is the units digit of w(-25)?
9
Let g = -6 - -11. Suppose -5*t + 0*t = g. What is the units digit of -1 - (-5 + (1 - t))?
2
Let o be -6 + 16 - 2/2. Suppose -4*l = -o*l + 75. What is the tens digit of l?
1
Let t(m) = m**2 + 12*m + 5. Let g be t(-13). Let c = g - 12. What is the units digit of c?
6
Suppose -2*a + 4*l + 146 = 0, 4*l = 4*a + 3*l - 299. What is the units digit of ((-1*a)/3)/(-1)?
5
Suppose 2*q = 6, -2*t - 21 = -4*t + 3*q. What is the tens digit of t?
1
Suppose 27*p = 24*p + 216. What is the units digit of p?
2
Suppose -4*x + 342 = 3*t, 5*t - 5*x - 570 = -6*x. What is the hundreds digit of t?
1
Suppose 5*c - 9*c = -96. What is the units digit of c?
4
Suppose -3*c - 179 = -5*t - 7*c, 5*c = -3*t + 97. What is the units digit of t?
9
Let a = 6 - -3. What is the units digit of a?
9
Let m(r) = r**3 - 4*r**2 - 2*r + 1. Let k be m(4). Let q = k + 19. What is the units digit of q?
2
Suppose 0 = -n + i + 4, -n = -2*n + 2*i + 4. What is the tens digit of (-2)/(3*n/(-90))?
1
Let f(o) = 2*o**2 + 4*o + 4. Let r(t) = -3*t**2 - 5*t - 5. Let c(a) = -4*f(a) - 3*r(a). What is the units digit of c(-4)?
9
Suppose -5*g + 27 - 2 = 0. Let r(l) = 2*l - 6. What is the units digit of r(g)?
4
What is the units digit of (-2*8)/(22/(-55))?
0
Let d = -120 + 182. What is the units digit of d?
2
Suppose t - 32 - 14 = 0. What is the tens digit of t?
4
Let i(f) = -43*f - 1. Let d be i(-1). Let s be (d/(-8))/(15/(-40)). Suppose -5*b + 3*b = -s. What is the units digit of b?
7
Let a(v) = -4*v + 6. Let h be a(7). Let c = h + 16. What is the units digit of (-4)/(c/(-2 + 5))?
2
Let r(w) = w**3 + 6*w**2 - 8*w - 2. Let b be r(-7). Suppose -b*c - k + 8 = -1, -2*c + k = 2. What is the units digit of 0 + 8 + 0/c?
8
Let v be 12/9 - (-10)/15. Let o(m) = 2*m**2 - 3*m + 4. What is the units digit of o(v)?
6
Let x = 23 - 12. What is the units digit of x - (3 - 2 - -2)?
8
Let d = -3 - -7. Suppose 0 = 2*p + 6, 3*i - d*p - 19 = -1. Suppose -3*m + 18 = -0*m + 3*r, 0 = -i*m + r - 3. What is the units digit of m?
1
Let u be ((-16)/(-8))/(2/93). Let v = u + -54. Let d = v + -23. What is the units digit of d?
6
Suppose 0 = 4*g - 3*g - 3. Suppose 0 = j - g*j + 28. What is the tens digit of j?
1
Let b(u) = 3*u. Let g be b(-5). What is the units digit of (-321)/g - (-6)/(-15)?
1
Let r(b) = b. What is the units digit of r(11)?
1
Let f = 56 + -39. Let c be ((-1)/(-2))/(-1)*16. Let g = c + f. What is the units digit of g?
9
Suppose -826 + 196 = -5*k. What is the units digit of k?
6
Let t(a) = -a + 9. Let s(m) = -2*m + 19. Let x(r) = -6*s(r) + 13*t(r). Let q be x(-7). Let n = q - -1. What is the tens digit of n?
1
Let f(p) = -p + 2. Let w be f(0). Suppose 0 = w*n + 4 - 10. What is the units digit of n?
3
Let c be (-6)/(-27) + (-345)/(-27). Let u = -20 + c. Let m = -2 - u. What is the units digit of m?
5
Suppose -82 = -0*z - 2*z. What is the units digit of z?
1
What is the hundreds digit of (-6)/(-2)*(12 - -95)?
3
Let s be (-12 - 0)/(-2 - -3). Let r = s + 23. Suppose -5*k + 4*w + 17 = 0, k + w + 3*w + r = 0. What is the units digit of k?
1
Suppose 2*n + n - 12 = 0. Let h(r) be the second derivative of -r**5/20 + r**4/3 + r**3/2 - 2*r**2 + 2*r. What is the units digit of h(n)?
8
Let g(m) = m + 74. What is the units digit of g(0)?
4
Let f = -163 + 244. Let m = f + -49. What is the units digit of m?
2
Suppose g + 250 = 5*l, -3*l + 4*g = -107 - 26. What is the tens digit of l?
5
What is the tens digit of 25/10*(-1)/((-1)/24)?
6
Suppose -x - 5*d + 119 = 48, 0 = 5*x - 2*d - 328. What is the tens digit of x?
6
Suppose -54 = -3*k + 4*i, -2*k - 3*i = -i - 22. Suppose 3*f - k = 4. What is the units digit of f?
6
Suppose j = 5*k + 6*j - 315, -315 = -5*k + 5*j. What is the tens digit of (k/(-6))/((-9)/24)?
2
Let c(g) = g**3 + g**2 + g + 7. Let n(s) = -s**3 + 2*s**2 + 3*s - 1. Let d be n(3). Let k be 1/3 + d/3. What is the units digit of c(k)?
7
Let t(x) be the third derivative of x**4/4 + x**3/3 + x**2. What is the tens digit of t(8)?
5
Suppose 6 + 19 = p - 3*g, 0 = -p - 3*g + 1. Suppose i - p + 6 = 0. What is the units digit of i?
7
Suppose -3*j = 9, j + 2*j = -4*y + 115. What is the units digit of y?
1
Let j(r) = 2*r + 1 + 4*r - 5*r. What is the units digit of j(5)?
6
Let g = -35 - -75. What is the tens digit of g?
4
Suppose 2*r = f + 15, -1 + 6 = -r + 3*f. Suppose -3*l + 9 = u, 9*u + 4*l + 10 = 4*u. Let i = r + u. What is the units digit of i?
4
Let w(q) be the third derivative of -q**4/8 - 5*q**3/6 - 5*q**2. Suppose 2*n - 1 = -t - 5, -4*n = -2*t + 24. What is the units digit of w(n)?
7
Suppose -2*g + 6*g = -324. What is the units digit of 4/(-14) - g/63?
1
Suppose 0 = -5*k - 4*p + 15, -1 = k + p - 4. Suppose -k*b = 2*i - 1 - 5, -2*i = 2*b - 2. What is the units digit of b?
4
Suppose j + 4*j - 20 = -5*h, -3*j - 2*h + 10 = 0. Suppose j*x = 5*t + 5 + 27, -2*x = 5*t - 32. What is the units digit of x?
6
Suppose 0 = 3*m + 8 + 13. Let q(i) = -2*i + 5. What is the tens digit of q(m)?
1
Let u = -9 + 43. What is the units digit of u?
4
Let g = -40 + 66. Suppose -3*j + 31 = 2*x - 1, 0 = 3*x - j - g. What is the tens digit of x?
1
Let y(x) = -x**3 - 8*x**2 - 8*x - 7. Let g be y(-7). Let k(o) = g + o - 4 + 2. What is the units digit of k(6)?
4
Let i(u) = 2*u - 3. Suppose -2*n - 4*f - 10 = 2, -5*n = -3*f - 22. Let y be i(n). What is the tens digit of 14 - y/(-3 + 2)?
1
Suppose 7*l = 2*l + 10. Let b(u) = 7*u**2 + 4*u**3 - 3*u**3 - u + 11*u - 6 - l*u**3. What is the tens digit of b(8)?
1
Suppose 3*q + 4*a = 28, q + 1 - 17 = 2*a. What is the tens digit of q?
1
What is the tens digit of -3 - ((-8)/(-24) + (-500)/6)?
8
Let f(v) = -v**2 + 3. Let i be f(-3). What is the units digit of i*((-8)/(-6))/(-2)?
4
Suppose 0 = -2*u + 1 + 3. What is the tens digit of u/(-9) - (-101)/9?
1
Suppose 5*t = f - 10 - 3, 3*t = 3*f - 15. Suppose -4*l + 2*p + 16 = 0, 2*l + 5*p + 1 + 3 = 0. Suppose l*h = 21 + f. What is the units digit of h?
8
What is the tens digit of 28*(4 - (-15)/(-12))?
7
Let r be ((-4)/(-3))/((-10)/(-15)). Suppose g + r*v + 2 - 5 = 0, 0 = -2*g + 2*v + 36. Let l = g + -8. What is the units digit of l?
5
Let o(u) = 81*u + 6. What is the tens digit of o(2)?
6
Let q = 1 - -13. Let n(f) = 2*f + 4. Let y be n(-7). Let c = y + q. What is the units digit of c?
4
Let l = 18 + -15. Suppose -l*x + 61 = -2. What is the units digit of x?
1
What is the tens digit of 1 + (2 - -9 - 2)?
1
Let d(f) = -f**3 - 9*f**2 + 15*f + 10. What is the tens digit of d(-12)?
6
Let o be 126/6 + (0 - 0). Let q = o + -2. What is the tens digit of q?
1
Suppose -4*z + 9*z - 10 = 0. What is the units digit of 30/z + -1 + -1?
3
Suppose -3*z + 4*j + 12 = -4, -3*j + 6 = 0. Suppose z = -2*f, 5*f + 50 + 15 = 5*r. What is the units digit of r?
9
Let w be (132/10)/(4/(-20)). Let t = 110 + w. Suppose -6*q + 2*q = -t. What is the tens digit of q?
1
Let g = -52 + 83. What is the tens digit of g?
3
Let i = 1 + 4. Let h(y) = 4*y**2 - 4*y + 5. Let n be h(i). Suppose 0 = 3*d + 2*d - n. What is the units digit of d?
7
Let h(x) be the second derivative of x**7/210 - x**6/720 - x**5/120 + x**4/6 - x. Let v(m) be the third derivative of h(m). What is the units digit of v(-1)?
2
Let p = 61 - 87. Let a = p + 36. What is the units digit of a?
0
Let p(k) = k**2 - 8*k + 9. Let l be p(7)